[INFO] fetching crate solana-genesis 1.14.18...
[INFO] checking solana-genesis-1.14.18 against master#9610dfe5a9a731ced1ea4923ecbd0c57fe367898 for beta-170-4
[INFO] extracting crate solana-genesis 1.14.18 into /workspace/builds/worker-1-tc1/source
[INFO] validating manifest of crates.io crate solana-genesis 1.14.18 on toolchain 9610dfe5a9a731ced1ea4923ecbd0c57fe367898
[INFO] running `Command { std: CARGO_HOME="/workspace/cargo-home" RUSTUP_HOME="/workspace/rustup-home" "/workspace/cargo-home/bin/cargo" "+9610dfe5a9a731ced1ea4923ecbd0c57fe367898" "metadata" "--manifest-path" "Cargo.toml" "--no-deps", kill_on_drop: false }`
[INFO] started tweaking crates.io crate solana-genesis 1.14.18
[INFO] finished tweaking crates.io crate solana-genesis 1.14.18
[INFO] tweaked toml for crates.io crate solana-genesis 1.14.18 written to /workspace/builds/worker-1-tc1/source/Cargo.toml
[INFO] crate crates.io crate solana-genesis 1.14.18 already has a lockfile, it will not be regenerated
[INFO] running `Command { std: CARGO_HOME="/workspace/cargo-home" RUSTUP_HOME="/workspace/rustup-home" "/workspace/cargo-home/bin/cargo" "+9610dfe5a9a731ced1ea4923ecbd0c57fe367898" "fetch" "--manifest-path" "Cargo.toml", kill_on_drop: false }`
[INFO] [stderr]     Updating crates.io index
[INFO] [stderr]  Downloading crates ...
[INFO] [stderr]   Downloaded solana-sdk v1.14.18
[INFO] [stderr]   Downloaded solana-frozen-abi-macro v1.14.18
[INFO] [stderr]   Downloaded solana-version v1.14.18
[INFO] [stderr]   Downloaded uriparse v0.6.4
[INFO] [stderr]   Downloaded hyper-proxy v0.9.1
[INFO] [stderr]   Downloaded solana-config-program v1.14.18
[INFO] [stderr]   Downloaded enum-iterator v0.8.1
[INFO] [stderr]   Downloaded ieee754 v0.2.6
[INFO] [stderr]   Downloaded solana-bpf-loader-program v1.14.18
[INFO] [stderr]   Downloaded solana-account-decoder v1.14.18
[INFO] [stderr]   Downloaded reed-solomon-erasure v6.0.0
[INFO] [stderr]   Downloaded trees v0.4.2
[INFO] [stderr]   Downloaded merlin v3.0.0
[INFO] [stderr]   Downloaded rpassword v6.0.1
[INFO] [stderr]   Downloaded goblin v0.5.4
[INFO] [stderr]   Downloaded symlink v0.1.0
[INFO] [stderr]   Downloaded fast-math v0.1.1
[INFO] [stderr]   Downloaded aes-gcm-siv v0.10.3
[INFO] [stderr]   Downloaded solana-remote-wallet v1.14.18
[INFO] [stderr]   Downloaded goauth v0.13.1
[INFO] [stderr]   Downloaded modular-bitfield-impl v0.11.2
[INFO] [stderr]   Downloaded solana-cli-config v1.14.18
[INFO] [stderr]   Downloaded autotools v0.2.6
[INFO] [stderr]   Downloaded spl-token-2022 v0.6.1
[INFO] [stderr]   Downloaded solana-storage-bigtable v1.14.18
[INFO] [stderr]   Downloaded derivation-path v0.2.0
[INFO] [stderr]   Downloaded solana_rbpf v0.2.31
[INFO] [stderr]   Downloaded libsecp256k1 v0.6.0
[INFO] [stderr]   Downloaded caps v0.5.5
[INFO] [stderr]   Downloaded solana-ledger v1.14.18
[INFO] [stderr]   Downloaded sha3 v0.10.8
[INFO] [stderr]   Downloaded constant_time_eq v0.2.5
[INFO] [stderr]   Downloaded smpl_jwt v0.7.1
[INFO] [stderr]   Downloaded solana-storage-proto v1.14.18
[INFO] [stderr]   Downloaded solana-zk-token-proof-program v1.14.18
[INFO] [stderr]   Downloaded rocksdb v0.19.0
[INFO] [stderr]   Downloaded solana-entry v1.14.18
[INFO] [stderr]   Downloaded dir-diff v0.3.2
[INFO] [stderr]   Downloaded spl-memo v3.0.1
[INFO] [stderr]   Downloaded solana-runtime v1.14.18
[INFO] [stderr]   Downloaded simpl v0.1.0
[INFO] [stderr]   Downloaded solana-address-lookup-table-program v1.14.18
[INFO] [stderr]   Downloaded solana-compute-budget-program v1.14.18
[INFO] [stderr]   Downloaded bv v0.11.1
[INFO] [stderr]   Downloaded solana-stake-program v1.14.18
[INFO] [stderr]   Downloaded enum-iterator-derive v0.8.1
[INFO] [stderr]   Downloaded console_log v0.2.2
[INFO] [stderr]   Downloaded solana-measure v1.14.18
[INFO] [stderr]   Downloaded feature-probe v0.1.1
[INFO] [stderr]   Downloaded solana-clap-utils v1.14.18
[INFO] [stderr]   Downloaded spl-token v3.5.0
[INFO] [stderr]   Downloaded solana-perf v1.14.18
[INFO] [stderr]   Downloaded solana-bucket-map v1.14.18
[INFO] [stderr]   Downloaded solana-program-runtime v1.14.18
[INFO] [stderr]   Downloaded async-compression v0.4.0
[INFO] [stderr]   Downloaded security-framework v2.9.0
[INFO] [stderr]   Downloaded solana-frozen-abi v1.14.18
[INFO] [stderr]   Downloaded ed25519-dalek-bip32 v0.2.0
[INFO] [stderr]   Downloaded qstring v0.7.2
[INFO] [stderr]   Downloaded index_list v0.2.7
[INFO] [stderr]   Downloaded solana-merkle-tree v1.14.18
[INFO] [stderr]   Downloaded solana-metrics v1.14.18
[INFO] [stderr]   Downloaded im v15.1.0
[INFO] [stderr]   Downloaded modular-bitfield v0.11.2
[INFO] [stderr]   Downloaded spl-associated-token-account v1.1.3
[INFO] [stderr]   Downloaded solana-transaction-status v1.14.18
[INFO] [stderr]   Downloaded solana-vote-program v1.14.18
[INFO] [stderr]   Downloaded solana-logger v1.14.18
[INFO] [stderr]   Downloaded tiny-bip39 v0.8.2
[INFO] [stderr]   Downloaded solana-program v1.14.18
[INFO] [stderr]   Downloaded solana-rayon-threadlimit v1.14.18
[INFO] [stderr]   Downloaded pbkdf2 v0.4.0
[INFO] [stderr]   Downloaded solana-sdk-macro v1.14.18
[INFO] [stderr]   Downloaded solana-zk-token-sdk v1.14.18
[INFO] [stderr]   Downloaded librocksdb-sys v0.8.3+7.4.4
[INFO] [stderr]   Downloaded protobuf-src v1.1.0+21.5
[INFO] running `Command { std: "docker" "create" "-v" "/var/lib/crater-agent-workspace/builds/worker-1-tc1/target:/opt/rustwide/target:rw,Z" "-v" "/var/lib/crater-agent-workspace/builds/worker-1-tc1/source:/opt/rustwide/workdir:ro,Z" "-v" "/var/lib/crater-agent-workspace/cargo-home:/opt/rustwide/cargo-home:ro,Z" "-v" "/var/lib/crater-agent-workspace/rustup-home:/opt/rustwide/rustup-home:ro,Z" "-e" "SOURCE_DIR=/opt/rustwide/workdir" "-e" "CARGO_TARGET_DIR=/opt/rustwide/target" "-e" "CARGO_HOME=/opt/rustwide/cargo-home" "-e" "RUSTUP_HOME=/opt/rustwide/rustup-home" "-w" "/opt/rustwide/workdir" "-m" "1610612736" "--user" "0:0" "--network" "none" "ghcr.io/rust-lang/crates-build-env/linux@sha256:19e73879b68f455e41552ea35293514db52ea292d993f571636dbffedb77a1ee" "/opt/rustwide/cargo-home/bin/cargo" "+9610dfe5a9a731ced1ea4923ecbd0c57fe367898" "metadata" "--no-deps" "--format-version=1", kill_on_drop: false }`
[INFO] [stdout] 181765141e6e254d639cc25906f5e00dd832b29ec0ad68dc45d6db4d31f4cd69
[INFO] running `Command { std: "docker" "start" "-a" "181765141e6e254d639cc25906f5e00dd832b29ec0ad68dc45d6db4d31f4cd69", kill_on_drop: false }`
[INFO] running `Command { std: "docker" "inspect" "181765141e6e254d639cc25906f5e00dd832b29ec0ad68dc45d6db4d31f4cd69", kill_on_drop: false }`
[INFO] running `Command { std: "docker" "rm" "-f" "181765141e6e254d639cc25906f5e00dd832b29ec0ad68dc45d6db4d31f4cd69", kill_on_drop: false }`
[INFO] [stdout] 181765141e6e254d639cc25906f5e00dd832b29ec0ad68dc45d6db4d31f4cd69
[INFO] running `Command { std: "docker" "create" "-v" "/var/lib/crater-agent-workspace/builds/worker-1-tc1/target:/opt/rustwide/target:rw,Z" "-v" "/var/lib/crater-agent-workspace/builds/worker-1-tc1/source:/opt/rustwide/workdir:ro,Z" "-v" "/var/lib/crater-agent-workspace/cargo-home:/opt/rustwide/cargo-home:ro,Z" "-v" "/var/lib/crater-agent-workspace/rustup-home:/opt/rustwide/rustup-home:ro,Z" "-e" "SOURCE_DIR=/opt/rustwide/workdir" "-e" "CARGO_TARGET_DIR=/opt/rustwide/target" "-e" "CARGO_INCREMENTAL=0" "-e" "RUST_BACKTRACE=full" "-e" "RUSTFLAGS=--cap-lints=forbid" "-e" "RUSTDOCFLAGS=--cap-lints=forbid" "-e" "CARGO_HOME=/opt/rustwide/cargo-home" "-e" "RUSTUP_HOME=/opt/rustwide/rustup-home" "-w" "/opt/rustwide/workdir" "-m" "1610612736" "--user" "0:0" "--network" "none" "ghcr.io/rust-lang/crates-build-env/linux@sha256:19e73879b68f455e41552ea35293514db52ea292d993f571636dbffedb77a1ee" "/opt/rustwide/cargo-home/bin/cargo" "+9610dfe5a9a731ced1ea4923ecbd0c57fe367898" "check" "--frozen" "--all" "--all-targets" "--message-format=json", kill_on_drop: false }`
[INFO] [stdout] d9e503e93f057c2dba81e0a6ed10869aead2cec64840ef751c974b5012baa64d
[INFO] running `Command { std: "docker" "start" "-a" "d9e503e93f057c2dba81e0a6ed10869aead2cec64840ef751c974b5012baa64d", kill_on_drop: false }`
[INFO] [stderr]     Blocking waiting for file lock on package cache
[INFO] [stderr]    Compiling proc-macro2 v1.0.57
[INFO] [stderr]    Compiling quote v1.0.27
[INFO] [stderr]    Compiling serde v1.0.163
[INFO] [stderr]    Compiling syn v1.0.109
[INFO] [stderr]    Compiling log v0.4.17
[INFO] [stderr]     Checking subtle v2.4.1
[INFO] [stderr]    Compiling memchr v2.5.0
[INFO] [stderr]    Compiling libc v0.2.144
[INFO] [stderr]    Compiling generic-array v0.14.7
[INFO] [stderr]    Compiling semver v1.0.17
[INFO] [stderr]     Checking ahash v0.7.6
[INFO] [stderr]    Compiling anyhow v1.0.71
[INFO] [stderr]    Compiling rustversion v1.0.12
[INFO] [stderr]    Compiling parking_lot_core v0.9.7
[INFO] [stderr]    Compiling getrandom v0.1.16
[INFO] [stderr]    Compiling pkg-config v0.3.27
[INFO] [stderr]    Compiling tokio v1.28.1
[INFO] [stderr]     Checking hashbrown v0.12.3
[INFO] [stderr]    Compiling rustc_version v0.4.0
[INFO] [stderr]     Checking mio v0.8.6
[INFO] [stderr]     Checking signal-hook-registry v1.4.1
[INFO] [stderr]     Checking socket2 v0.4.9
[INFO] [stderr]     Checking block-padding v0.2.1
[INFO] [stderr]    Compiling crunchy v0.2.2
[INFO] [stderr]     Checking rand_core v0.5.1
[INFO] [stderr]     Checking parking_lot v0.12.1
[INFO] [stderr]    Compiling wasm-bindgen-shared v0.2.86
[INFO] [stderr]    Compiling futures-channel v0.3.28
[INFO] [stderr]     Checking futures-sink v0.3.28
[INFO] [stderr]     Checking base64 v0.13.1
[INFO] [stderr]    Compiling bumpalo v3.12.2
[INFO] [stderr]    Compiling feature-probe v0.1.1
[INFO] [stderr]     Checking rand_chacha v0.2.2
[INFO] [stderr]    Compiling futures-util v0.3.28
[INFO] [stderr]    Compiling solana-frozen-abi-macro v1.14.18
[INFO] [stderr]     Checking rayon v1.7.0
[INFO] [stderr]     Checking bitmaps v2.1.0
[INFO] [stderr]    Compiling digest v0.9.0
[INFO] [stderr]    Compiling im v15.1.0
[INFO] [stderr]    Compiling memoffset v0.6.5
[INFO] [stderr]    Compiling libsecp256k1-core v0.2.2
[INFO] [stderr]     Checking rand v0.7.3
[INFO] [stderr]    Compiling bv v0.11.1
[INFO] [stderr]     Checking arrayref v0.3.7
[INFO] [stderr]     Checking keccak v0.1.4
[INFO] [stderr]     Checking futures-io v0.3.28
[INFO] [stderr]    Compiling solana-frozen-abi v1.14.18
[INFO] [stderr]     Checking rand_xoshiro v0.6.0
[INFO] [stderr]     Checking http v0.2.9
[INFO] [stderr]     Checking jobserver v0.1.26
[INFO] [stderr]     Checking tracing-core v0.1.31
[INFO] [stderr]    Compiling wasm-bindgen v0.2.86
[INFO] [stderr]    Compiling syn v2.0.16
[INFO] [stderr]     Checking sized-chunks v0.6.5
[INFO] [stderr]     Checking arrayvec v0.7.2
[INFO] [stderr]     Checking constant_time_eq v0.2.5
[INFO] [stderr]     Checking cc v1.0.79
[INFO] [stderr]     Checking hashbrown v0.11.2
[INFO] [stderr]     Checking memmap2 v0.5.10
[INFO] [stderr]     Checking bs58 v0.4.0
[INFO] [stderr]     Checking rustc-hash v1.1.0
[INFO] [stderr]     Checking base64 v0.12.3
[INFO] [stderr]     Checking indexmap v1.9.3
[INFO] [stderr]     Checking aho-corasick v1.0.1
[INFO] [stderr]     Checking regex-syntax v0.7.1
[INFO] [stderr]    Compiling libsecp256k1-gen-genmult v0.2.1
[INFO] [stderr]    Compiling libsecp256k1-gen-ecmult v0.2.1
[INFO] [stderr]     Checking signature v1.6.4
[INFO] [stderr]     Checking num-integer v0.1.45
[INFO] [stderr]     Checking http-body v0.4.5
[INFO] [stderr]     Checking time v0.1.45
[INFO] [stderr]     Checking humantime v2.1.0
[INFO] [stderr]     Checking termcolor v1.2.0
[INFO] [stderr]     Checking want v0.3.0
[INFO] [stderr]     Checking ed25519 v1.5.3
[INFO] [stderr]    Compiling solana-sdk v1.14.18
[INFO] [stderr]    Compiling openssl v0.10.52
[INFO] [stderr]     Checking derivation-path v0.2.0
[INFO] [stderr]     Checking qstring v0.7.2
[INFO] [stderr]     Checking uriparse v0.6.4
[INFO] [stderr]     Checking assert_matches v1.5.0
[INFO] [stderr]     Checking mime v0.3.17
[INFO] [stderr]     Checking alloc-no-stdlib v2.0.4
[INFO] [stderr]    Compiling rustls v0.21.1
[INFO] [stderr]    Compiling openssl-src v111.25.3+1.1.1t
[INFO] [stderr]     Checking miniz_oxide v0.7.1
[INFO] [stderr]    Compiling libsecp256k1 v0.6.0
[INFO] [stderr]     Checking alloc-stdlib v0.2.2
[INFO] [stderr]     Checking base64 v0.21.0
[INFO] [stderr]     Checking encoding_rs v0.8.32
[INFO] [stderr]     Checking brotli-decompressor v2.3.4
[INFO] [stderr]     Checking ipnet v2.7.2
[INFO] [stderr]    Compiling solana-program-runtime v1.14.18
[INFO] [stderr]     Checking rustls-pemfile v1.0.2
[INFO] [stderr]     Checking gethostname v0.2.3
[INFO] [stderr]     Checking libloading v0.7.4
[INFO] [stderr]     Checking eager v0.1.0
[INFO] [stderr]     Checking flate2 v1.0.26
[INFO] [stderr]    Compiling itertools v0.10.5
[INFO] [stderr]    Compiling solana-vote-program v1.14.18
[INFO] [stderr]    Compiling winnow v0.4.6
[INFO] [stderr]    Compiling toml_datetime v0.6.1
[INFO] [stderr]    Compiling ring v0.16.20
[INFO] [stderr]    Compiling blake3 v1.3.3
[INFO] [stderr]    Compiling solana-program v1.14.18
[INFO] [stderr]    Compiling openssl-sys v0.9.87
[INFO] [stderr]    Compiling zstd-sys v2.0.8+zstd.1.5.5
[INFO] [stderr]    Compiling proc-macro2 v0.4.30
[INFO] [stderr]    Compiling heck v0.4.1
[INFO] [stderr]     Checking brotli v3.3.4
[INFO] [stderr]    Compiling toml v0.5.11
[INFO] [stderr]     Checking regex v1.8.1
[INFO] [stderr]    Compiling unicode-xid v0.1.0
[INFO] [stderr]    Compiling clang-sys v1.6.1
[INFO] [stderr]    Compiling io-lifetimes v1.0.10
[INFO] [stderr]    Compiling prettyplease v0.1.25
[INFO] [stderr]    Compiling zstd-safe v5.0.2+zstd.1.5.2
[INFO] [stderr]     Checking linux-raw-sys v0.3.7
[INFO] [stderr]    Compiling syn v0.15.44
[INFO] [stderr]    Compiling bytes v1.4.0
[INFO] [stderr]     Checking rand v0.8.5
[INFO] [stderr]    Compiling autotools v0.2.6
[INFO] [stderr]    Compiling quote v0.6.13
[INFO] [stderr]    Compiling proc-macro-crate v0.1.5
[INFO] [stderr]     Checking env_logger v0.9.3
[INFO] [stderr]    Compiling rustix v0.37.19
[INFO] [stderr]    Compiling solana-address-lookup-table-program v1.14.18
[INFO] [stderr]    Compiling fixedbitset v0.4.2
[INFO] [stderr]     Checking solana-logger v1.14.18
[INFO] [stderr]    Compiling protobuf-src v1.1.0+21.5
[INFO] [stderr]    Compiling toml_edit v0.19.8
[INFO] [stderr]    Compiling petgraph v0.6.3
[INFO] [stderr]    Compiling which v4.4.0
[INFO] [stderr]    Compiling multimap v0.8.3
[INFO] [stderr]    Compiling async-trait v0.1.68
[INFO] [stderr]    Compiling bindgen v0.64.0
[INFO] [stderr]    Compiling wasm-bindgen-backend v0.2.86
[INFO] [stderr]     Checking unicode-width v0.1.10
[INFO] [stderr]    Compiling bzip2-sys v0.1.11+1.0.8
[INFO] [stderr] error: could not compile `syn` (lib)
[INFO] [stderr] 
[INFO] [stderr] Caused by:
[INFO] [stderr]   process didn't exit successfully: `/opt/rustwide/rustup-home/toolchains/9610dfe5a9a731ced1ea4923ecbd0c57fe367898/bin/rustc --crate-name syn --edition=2021 /opt/rustwide/cargo-home/registry/src/index.crates.io-6f17d22bba15001f/syn-2.0.16/src/lib.rs --error-format=json --json=diagnostic-rendered-ansi,artifacts,future-incompat --crate-type lib --emit=dep-info,metadata,link -C embed-bitcode=no -C debuginfo=0 --cfg 'feature="clone-impls"' --cfg 'feature="default"' --cfg 'feature="derive"' --cfg 'feature="extra-traits"' --cfg 'feature="full"' --cfg 'feature="parsing"' --cfg 'feature="printing"' --cfg 'feature="proc-macro"' --cfg 'feature="quote"' --cfg 'feature="visit"' --cfg 'feature="visit-mut"' -C metadata=97505d95fa71a31b -C extra-filename=-97505d95fa71a31b --out-dir /opt/rustwide/target/debug/deps -L dependency=/opt/rustwide/target/debug/deps --extern proc_macro2=/opt/rustwide/target/debug/deps/libproc_macro2-2c507a50bdab3778.rmeta --extern quote=/opt/rustwide/target/debug/deps/libquote-49a5037da7f0af31.rmeta --extern unicode_ident=/opt/rustwide/target/debug/deps/libunicode_ident-06eb5ecd65a06ce0.rmeta --cap-lints allow --cap-lints=forbid` (signal: 9, SIGKILL: kill)
[INFO] [stderr] warning: build failed, waiting for other jobs to finish...
[INFO] [stderr] error: failed to run custom build command for `protobuf-src v1.1.0+21.5`
[INFO] [stderr] note: To improve backtraces for build dependencies, set the CARGO_PROFILE_DEV_BUILD_OVERRIDE_DEBUG=true environment variable to enable debug information generation.
[INFO] [stderr] 
[INFO] [stderr] Caused by:
[INFO] [stderr]   process didn't exit successfully: `/opt/rustwide/target/debug/build/protobuf-src-2b7e3e91f0ff3072/build-script-build` (exit status: 101)
[INFO] [stderr]   --- stdout
[INFO] [stderr]   running: cd "/opt/rustwide/target/debug/build/protobuf-src-47282559aa1b805d/out/install/build" && CC="cc" CFLAGS="-O0 -ffunction-sections -fdata-sections -fPIC -m64" CXX="c++" CXXFLAGS="-O0 -ffunction-sections -fdata-sections -fPIC -m64" "sh" "-c" "exec \"$0\" \"$@\"" "/opt/rustwide/cargo-home/registry/src/index.crates.io-6f17d22bba15001f/protobuf-src-1.1.0+21.5/protobuf/configure" "--prefix=/opt/rustwide/target/debug/build/protobuf-src-47282559aa1b805d/out/install" "--disable-shared" "--enable-static" "--disable-maintainer-mode"
[INFO] [stderr]   checking whether to enable maintainer-specific portions of Makefiles... no
[INFO] [stderr]   checking build system type... x86_64-pc-linux-gnu
[INFO] [stderr]   checking host system type... x86_64-pc-linux-gnu
[INFO] [stderr]   checking target system type... x86_64-pc-linux-gnu
[INFO] [stderr]   checking for a BSD-compatible install... /usr/bin/install -c
[INFO] [stderr]   checking whether build environment is sane... yes
[INFO] [stderr]   checking for a race-free mkdir -p... /usr/bin/mkdir -p
[INFO] [stderr]   checking for gawk... no
[INFO] [stderr]   checking for mawk... mawk
[INFO] [stderr]   checking whether make sets $(MAKE)... yes
[INFO] [stderr]   checking whether make supports nested variables... yes
[INFO] [stderr]   checking whether UID '0' is supported by ustar format... yes
[INFO] [stderr]   checking whether GID '0' is supported by ustar format... yes
[INFO] [stderr]   checking how to create a ustar tar archive... gnutar
[INFO] [stderr]   checking whether make supports nested variables... (cached) yes
[INFO] [stderr]   checking for gcc... cc
[INFO] [stderr]   checking whether the C compiler works... yes
[INFO] [stderr]   checking for C compiler default output file name... a.out
[INFO] [stderr]   checking for suffix of executables... 
[INFO] [stderr]   checking whether we are cross compiling... no
[INFO] [stderr]   checking for suffix of object files... o
[INFO] [stderr]   checking whether the compiler supports GNU C... yes
[INFO] [stderr]   checking whether cc accepts -g... yes
[INFO] [stderr]   checking for cc option to enable C11 features... none needed
[INFO] [stderr]   checking whether cc understands -c and -o together... yes
[INFO] [stderr]   checking whether make supports the include directive... yes (GNU style)
[INFO] [stderr]   checking dependency style of cc... gcc3
[INFO] [stderr]   checking whether the compiler supports GNU C++... yes
[INFO] [stderr]   checking whether c++ accepts -g... yes
[INFO] [stderr]   checking for c++ option to enable C++11 features... none needed
[INFO] [stderr]   checking dependency style of c++... gcc3
[INFO] [stderr]   checking how to run the C preprocessor... cc -E
[INFO] [stderr]   checking for gcc... gcc
[INFO] [stderr]   checking whether the compiler supports GNU C... (cached) yes
[INFO] [stderr]   checking whether gcc accepts -g... yes
[INFO] [stderr]   checking for gcc option to enable C11 features... (cached) none needed
[INFO] [stderr]   checking whether gcc understands -c and -o together... (cached) yes
[INFO] [stderr]   checking dependency style of gcc... (cached) gcc3
[INFO] [stderr]   checking how to run the C preprocessor... gcc -E
[INFO] [stderr]   checking how to run the C++ preprocessor... c++ -E
[INFO] [stderr]   checking for g++... g++
[INFO] [stderr]   checking whether the compiler supports GNU C++... (cached) yes
[INFO] [stderr]   checking whether g++ accepts -g... yes
[INFO] [stderr]   checking for g++ option to enable C++11 features... (cached) none needed
[INFO] [stderr]   checking dependency style of g++... (cached) gcc3
[INFO] [stderr]   checking how to run the C++ preprocessor... g++ -E
[INFO] [stderr]   checking for stdio.h... yes
[INFO] [stderr]   checking for stdlib.h... yes
[INFO] [stderr]   checking for string.h... yes
[INFO] [stderr]   checking for inttypes.h... yes
[INFO] [stderr]   checking for stdint.h... yes
[INFO] [stderr]   checking for strings.h... yes
[INFO] [stderr]   checking for sys/stat.h... yes
[INFO] [stderr]   checking for sys/types.h... yes
[INFO] [stderr]   checking for unistd.h... yes
[INFO] [stderr]   checking for wchar.h... yes
[INFO] [stderr]   checking for minix/config.h... no
[INFO] [stderr]   checking whether it is safe to define __EXTENSIONS__... yes
[INFO] [stderr]   checking whether _XOPEN_SOURCE should be defined... no
[INFO] [stderr]   checking for ar... ar
[INFO] [stderr]   checking the archiver (ar) interface... ar
[INFO] [stderr]   checking C++ compiler flags...... use user-supplied: -O0 -ffunction-sections -fdata-sections -fPIC -m64
[INFO] [stderr]   checking for c++ options needed to detect all undeclared functions... none needed
[INFO] [stderr]   checking whether __SUNPRO_CC is declared... no
[INFO] [stderr]   checking how to print strings... printf
[INFO] [stderr]   checking for a sed that does not truncate output... /usr/bin/sed
[INFO] [stderr]   checking for grep that handles long lines and -e... /usr/bin/grep
[INFO] [stderr]   checking for egrep... /usr/bin/grep -E
[INFO] [stderr]   checking for fgrep... /usr/bin/grep -F
[INFO] [stderr]   checking for ld used by cc... /usr/bin/ld
[INFO] [stderr]   checking if the linker (/usr/bin/ld) is GNU ld... yes
[INFO] [stderr]   checking for BSD- or MS-compatible name lister (nm)... /usr/bin/nm -B
[INFO] [stderr]   checking the name lister (/usr/bin/nm -B) interface... BSD nm
[INFO] [stderr]   checking whether ln -s works... yes
[INFO] [stderr]   checking the maximum length of command line arguments... 1572864
[INFO] [stderr]   checking how to convert x86_64-pc-linux-gnu file names to x86_64-pc-linux-gnu format... func_convert_file_noop
[INFO] [stderr]   checking how to convert x86_64-pc-linux-gnu file names to toolchain format... func_convert_file_noop
[INFO] [stderr]   checking for /usr/bin/ld option to reload object files... -r
[INFO] [stderr]   checking for file... file
[INFO] [stderr]   checking for objdump... objdump
[INFO] [stderr]   checking how to recognize dependent libraries... pass_all
[INFO] [stderr]   checking for dlltool... no
[INFO] [stderr]   checking how to associate runtime and link libraries... printf %s\n
[INFO] [stderr]   checking for archiver @FILE support... @
[INFO] [stderr]   checking for strip... strip
[INFO] [stderr]   checking for ranlib... ranlib
[INFO] [stderr]   checking command to parse /usr/bin/nm -B output from cc object... ok
[INFO] [stderr]   checking for sysroot... no
[INFO] [stderr]   checking for a working dd... /usr/bin/dd
[INFO] [stderr]   checking how to truncate binary pipes... /usr/bin/dd bs=4096 count=1
[INFO] [stderr]   checking for mt... no
[INFO] [stderr]   checking if : is a manifest tool... no
[INFO] [stderr]   checking for dlfcn.h... yes
[INFO] [stderr]   checking for objdir... .libs
[INFO] [stderr]   checking if cc supports -fno-rtti -fno-exceptions... no
[INFO] [stderr]   checking for cc option to produce PIC... -fPIC -DPIC
[INFO] [stderr]   checking if cc PIC flag -fPIC -DPIC works... yes
[INFO] [stderr]   checking if cc static flag -static works... yes
[INFO] [stderr]   checking if cc supports -c -o file.o... yes
[INFO] [stderr]   checking if cc supports -c -o file.o... (cached) yes
[INFO] [stderr]   checking whether the cc linker (/usr/bin/ld -m elf_x86_64) supports shared libraries... yes
[INFO] [stderr]   checking dynamic linker characteristics... GNU/Linux ld.so
[INFO] [stderr]   checking how to hardcode library paths into programs... immediate
[INFO] [stderr]   checking whether stripping libraries is possible... yes
[INFO] [stderr]   checking if libtool supports shared libraries... yes
[INFO] [stderr]   checking whether to build shared libraries... no
[INFO] [stderr]   checking whether to build static libraries... yes
[INFO] [stderr]   checking how to run the C++ preprocessor... c++ -E
[INFO] [stderr]   checking for ld used by c++... /usr/bin/ld -m elf_x86_64
[INFO] [stderr]   checking if the linker (/usr/bin/ld -m elf_x86_64) is GNU ld... yes
[INFO] [stderr]   checking whether the c++ linker (/usr/bin/ld -m elf_x86_64) supports shared libraries... yes
[INFO] [stderr]   checking for c++ option to produce PIC... -fPIC -DPIC
[INFO] [stderr]   checking if c++ PIC flag -fPIC -DPIC works... yes
[INFO] [stderr]   checking if c++ static flag -static works... yes
[INFO] [stderr]   checking if c++ supports -c -o file.o... yes
[INFO] [stderr]   checking if c++ supports -c -o file.o... (cached) yes
[INFO] [stderr]   checking whether the c++ linker (/usr/bin/ld -m elf_x86_64) supports shared libraries... yes
[INFO] [stderr]   checking dynamic linker characteristics... (cached) GNU/Linux ld.so
[INFO] [stderr]   checking how to hardcode library paths into programs... immediate
[INFO] [stderr]   checking whether the linker supports version scripts... yes
[INFO] [stderr]   checking for egrep... (cached) /usr/bin/grep -E
[INFO] [stderr]   checking for fcntl.h... yes
[INFO] [stderr]   checking for inttypes.h... (cached) yes
[INFO] [stderr]   checking for limits.h... yes
[INFO] [stderr]   checking for stdlib.h... (cached) yes
[INFO] [stderr]   checking for unistd.h... (cached) yes
[INFO] [stderr]   checking for working memcmp... yes
[INFO] [stderr]   checking for working strtod... yes
[INFO] [stderr]   checking for ftruncate... yes
[INFO] [stderr]   checking for memset... yes
[INFO] [stderr]   checking for mkdir... yes
[INFO] [stderr]   checking for strchr... yes
[INFO] [stderr]   checking for strerror... yes
[INFO] [stderr]   checking for strtol... yes
[INFO] [stderr]   checking zlib version... ok (1.2.0.4 or later)
[INFO] [stderr]   checking for library containing zlibVersion... -lz
[INFO] [stderr]   checking whether c++ supports C++11 features by default... yes
[INFO] [stderr]   checking whether -latomic is needed... no
[INFO] [stderr]   checking whether cc is Clang... no
[INFO] [stderr]   checking whether pthreads work with "-pthread" and "-lpthread"... yes
[INFO] [stderr]   checking for joinable pthread attribute... PTHREAD_CREATE_JOINABLE
[INFO] [stderr]   checking whether more special flags are required for pthreads... no
[INFO] [stderr]   checking for PTHREAD_PRIO_INHERIT... yes
[INFO] [stderr]   checking the location of hash_map... <unordered_map>
[INFO] [stderr]   checking whether -llog is needed... no
[INFO] [stderr]   checking that generated files are newer than configure... done
[INFO] [stderr]   configure: creating ./config.status
[INFO] [stderr]   config.status: creating Makefile
[INFO] [stderr]   config.status: creating src/Makefile
[INFO] [stderr]   config.status: creating benchmarks/Makefile
[INFO] [stderr]   config.status: creating conformance/Makefile
[INFO] [stderr]   config.status: creating protobuf.pc
[INFO] [stderr]   config.status: creating protobuf-lite.pc
[INFO] [stderr]   config.status: creating config.h
[INFO] [stderr]   config.status: executing depfiles commands
[INFO] [stderr]   config.status: executing libtool commands
[INFO] [stderr]   === configuring in third_party/googletest (/opt/rustwide/target/debug/build/protobuf-src-47282559aa1b805d/out/install/build/third_party/googletest)
[INFO] [stderr]   configure: running /bin/bash /opt/rustwide/cargo-home/registry/src/index.crates.io-6f17d22bba15001f/protobuf-src-1.1.0+21.5/protobuf/third_party/googletest/configure --disable-option-checking '--prefix=/opt/rustwide/target/debug/build/protobuf-src-47282559aa1b805d/out/install'  '--disable-shared' '--enable-static' '--disable-maintainer-mode' 'CC=cc' 'CFLAGS=-O0 -ffunction-sections -fdata-sections -fPIC -m64' 'CXX=c++' 'CXXFLAGS=-O0 -ffunction-sections -fdata-sections -fPIC -m64' --cache-file=/dev/null --srcdir=/opt/rustwide/cargo-home/registry/src/index.crates.io-6f17d22bba15001f/protobuf-src-1.1.0+21.5/protobuf/third_party/googletest
[INFO] [stderr]   checking for a BSD-compatible install... /usr/bin/install -c
[INFO] [stderr]   checking whether build environment is sane... yes
[INFO] [stderr]   checking for a race-free mkdir -p... /usr/bin/mkdir -p
[INFO] [stderr]   checking for gawk... no
[INFO] [stderr]   checking for mawk... mawk
[INFO] [stderr]   checking whether make sets $(MAKE)... yes
[INFO] [stderr]   checking whether make supports nested variables... yes
[INFO] [stderr]   checking that generated files are newer than configure... done
[INFO] [stderr]   configure: creating ./config.status
[INFO] [stderr]   config.status: creating Makefile
[INFO] [stderr]   === configuring in googletest (/opt/rustwide/target/debug/build/protobuf-src-47282559aa1b805d/out/install/build/third_party/googletest/googletest)
[INFO] [stderr]   configure: running /bin/bash /opt/rustwide/cargo-home/registry/src/index.crates.io-6f17d22bba15001f/protobuf-src-1.1.0+21.5/protobuf/third_party/googletest/googletest/configure --disable-option-checking '--prefix=/opt/rustwide/target/debug/build/protobuf-src-47282559aa1b805d/out/install'  '--disable-shared' '--enable-static' '--disable-maintainer-mode' 'CC=cc' 'CFLAGS=-O0 -ffunction-sections -fdata-sections -fPIC -m64' 'CXX=c++' 'CXXFLAGS=-O0 -ffunction-sections -fdata-sections -fPIC -m64' --cache-file=/dev/null --srcdir=/opt/rustwide/cargo-home/registry/src/index.crates.io-6f17d22bba15001f/protobuf-src-1.1.0+21.5/protobuf/third_party/googletest/googletest
[INFO] [stderr]   checking for a BSD-compatible install... /usr/bin/install -c
[INFO] [stderr]   checking whether build environment is sane... yes
[INFO] [stderr]   checking for a race-free mkdir -p... /usr/bin/mkdir -p
[INFO] [stderr]   checking for gawk... no
[INFO] [stderr]   checking for mawk... mawk
[INFO] [stderr]   checking whether make sets $(MAKE)... yes
[INFO] [stderr]   checking whether make supports nested variables... yes
[INFO] [stderr]   checking for gcc... cc
[INFO] [stderr]   checking whether the C compiler works... yes
[INFO] [stderr]   checking for C compiler default output file name... a.out
[INFO] [stderr]   checking for suffix of executables... 
[INFO] [stderr]   checking whether we are cross compiling... no
[INFO] [stderr]   checking for suffix of object files... o
[INFO] [stderr]   checking whether the compiler supports GNU C... yes
[INFO] [stderr]   checking whether cc accepts -g... yes
[INFO] [stderr]   checking for cc option to enable C11 features... none needed
[INFO] [stderr]   checking whether cc understands -c and -o together... yes
[INFO] [stderr]   checking whether make supports the include directive... yes (GNU style)
[INFO] [stderr]   checking dependency style of cc... gcc3
[INFO] [stderr]   checking whether the compiler supports GNU C++... yes
[INFO] [stderr]   checking whether c++ accepts -g... yes
[INFO] [stderr]   checking for c++ option to enable C++11 features... none needed
[INFO] [stderr]   checking dependency style of c++... gcc3
[INFO] [stderr]   checking build system type... x86_64-pc-linux-gnu
[INFO] [stderr]   checking host system type... x86_64-pc-linux-gnu
[INFO] [stderr]   checking how to print strings... printf
[INFO] [stderr]   checking for a sed that does not truncate output... /usr/bin/sed
[INFO] [stderr]   checking for grep that handles long lines and -e... /usr/bin/grep
[INFO] [stderr]   checking for egrep... /usr/bin/grep -E
[INFO] [stderr]   checking for fgrep... /usr/bin/grep -F
[INFO] [stderr]   checking for ld used by cc... /usr/bin/ld
[INFO] [stderr]   checking if the linker (/usr/bin/ld) is GNU ld... yes
[INFO] [stderr]   checking for BSD- or MS-compatible name lister (nm)... /usr/bin/nm -B
[INFO] [stderr]   checking the name lister (/usr/bin/nm -B) interface... BSD nm
[INFO] [stderr]   checking whether ln -s works... yes
[INFO] [stderr]   checking the maximum length of command line arguments... 1572864
[INFO] [stderr]   checking how to convert x86_64-pc-linux-gnu file names to x86_64-pc-linux-gnu format... func_convert_file_noop
[INFO] [stderr]   checking how to convert x86_64-pc-linux-gnu file names to toolchain format... func_convert_file_noop
[INFO] [stderr]   checking for /usr/bin/ld option to reload object files... -r
[INFO] [stderr]   checking for file... file
[INFO] [stderr]   checking for objdump... objdump
[INFO] [stderr]   checking how to recognize dependent libraries... pass_all
[INFO] [stderr]   checking for dlltool... no
[INFO] [stderr]   checking how to associate runtime and link libraries... printf %s\n
[INFO] [stderr]   checking for ar... ar
[INFO] [stderr]   checking for archiver @FILE support... @
[INFO] [stderr]   checking for strip... strip
[INFO] [stderr]   checking for ranlib... ranlib
[INFO] [stderr]   checking command to parse /usr/bin/nm -B output from cc object... ok
[INFO] [stderr]   checking for sysroot... no
[INFO] [stderr]   checking for a working dd... /usr/bin/dd
[INFO] [stderr]   checking how to truncate binary pipes... /usr/bin/dd bs=4096 count=1
[INFO] [stderr]   checking for mt... no
[INFO] [stderr]   checking if : is a manifest tool... no
[INFO] [stderr]   checking for stdio.h... yes
[INFO] [stderr]   checking for stdlib.h... yes
[INFO] [stderr]   checking for string.h... yes
[INFO] [stderr]   checking for inttypes.h... yes
[INFO] [stderr]   checking for stdint.h... yes
[INFO] [stderr]   checking for strings.h... yes
[INFO] [stderr]   checking for sys/stat.h... yes
[INFO] [stderr]   checking for sys/types.h... yes
[INFO] [stderr]   checking for unistd.h... yes
[INFO] [stderr]   checking for dlfcn.h... yes
[INFO] [stderr]   checking for objdir... .libs
[INFO] [stderr]   checking if cc supports -fno-rtti -fno-exceptions... no
[INFO] [stderr]   checking for cc option to produce PIC... -fPIC -DPIC
[INFO] [stderr]   checking if cc PIC flag -fPIC -DPIC works... yes
[INFO] [stderr]   checking if cc static flag -static works... yes
[INFO] [stderr]   checking if cc supports -c -o file.o... yes
[INFO] [stderr]   checking if cc supports -c -o file.o... (cached) yes
[INFO] [stderr]   checking whether the cc linker (/usr/bin/ld -m elf_x86_64) supports shared libraries... yes
[INFO] [stderr]   checking dynamic linker characteristics... GNU/Linux ld.so
[INFO] [stderr]   checking how to hardcode library paths into programs... immediate
[INFO] [stderr]   checking whether stripping libraries is possible... yes
[INFO] [stderr]   checking if libtool supports shared libraries... yes
[INFO] [stderr]   checking whether to build shared libraries... no
[INFO] [stderr]   checking whether to build static libraries... yes
[INFO] [stderr]   checking how to run the C++ preprocessor... c++ -E
[INFO] [stderr]   checking for ld used by c++... /usr/bin/ld -m elf_x86_64
[INFO] [stderr]   checking if the linker (/usr/bin/ld -m elf_x86_64) is GNU ld... yes
[INFO] [stderr]   checking whether the c++ linker (/usr/bin/ld -m elf_x86_64) supports shared libraries... yes
[INFO] [stderr]   checking for c++ option to produce PIC... -fPIC -DPIC
[INFO] [stderr]   checking if c++ PIC flag -fPIC -DPIC works... yes
[INFO] [stderr]   checking if c++ static flag -static works... yes
[INFO] [stderr]   checking if c++ supports -c -o file.o... yes
[INFO] [stderr]   checking if c++ supports -c -o file.o... (cached) yes
[INFO] [stderr]   checking whether the c++ linker (/usr/bin/ld -m elf_x86_64) supports shared libraries... yes
[INFO] [stderr]   checking dynamic linker characteristics... (cached) GNU/Linux ld.so
[INFO] [stderr]   checking how to hardcode library paths into programs... immediate
[INFO] [stderr]   checking for python... :
[INFO] [stderr]   checking for the pthreads library -lpthreads... no
[INFO] [stderr]   checking whether pthreads work without any flags... yes
[INFO] [stderr]   checking for joinable pthread attribute... PTHREAD_CREATE_JOINABLE
[INFO] [stderr]   checking if more special flags are required for pthreads... no
[INFO] [stderr]   checking whether to check for GCC pthread/shared inconsistencies... yes
[INFO] [stderr]   checking whether -pthread is sufficient with -shared... yes
[INFO] [stderr]   checking that generated files are newer than configure... done
[INFO] [stderr]   configure: creating ./config.status
[INFO] [stderr]   config.status: creating Makefile
[INFO] [stderr]   config.status: creating scripts/gtest-config
[INFO] [stderr]   config.status: creating build-aux/config.h
[INFO] [stderr]   config.status: executing depfiles commands
[INFO] [stderr]   config.status: executing libtool commands
[INFO] [stderr]   === configuring in googlemock (/opt/rustwide/target/debug/build/protobuf-src-47282559aa1b805d/out/install/build/third_party/googletest/googlemock)
[INFO] [stderr]   configure: running /bin/bash /opt/rustwide/cargo-home/registry/src/index.crates.io-6f17d22bba15001f/protobuf-src-1.1.0+21.5/protobuf/third_party/googletest/googlemock/configure --disable-option-checking '--prefix=/opt/rustwide/target/debug/build/protobuf-src-47282559aa1b805d/out/install'  '--disable-shared' '--enable-static' '--disable-maintainer-mode' 'CC=cc' 'CFLAGS=-O0 -ffunction-sections -fdata-sections -fPIC -m64' 'CXX=c++' 'CXXFLAGS=-O0 -ffunction-sections -fdata-sections -fPIC -m64' --cache-file=/dev/null --srcdir=/opt/rustwide/cargo-home/registry/src/index.crates.io-6f17d22bba15001f/protobuf-src-1.1.0+21.5/protobuf/third_party/googletest/googlemock
[INFO] [stderr]   checking for a BSD-compatible install... /usr/bin/install -c
[INFO] [stderr]   checking whether build environment is sane... yes
[INFO] [stderr]   checking for a race-free mkdir -p... /usr/bin/mkdir -p
[INFO] [stderr]   checking for gawk... no
[INFO] [stderr]   checking for mawk... mawk
[INFO] [stderr]   checking whether make sets $(MAKE)... yes
[INFO] [stderr]   checking whether make supports nested variables... yes
[INFO] [stderr]   checking for gcc... cc
[INFO] [stderr]   checking whether the C compiler works... yes
[INFO] [stderr]   checking for C compiler default output file name... a.out
[INFO] [stderr]   checking for suffix of executables... 
[INFO] [stderr]   checking whether we are cross compiling... no
[INFO] [stderr]   checking for suffix of object files... o
[INFO] [stderr]   checking whether the compiler supports GNU C... yes
[INFO] [stderr]   checking whether cc accepts -g... yes
[INFO] [stderr]   checking for cc option to enable C11 features... none needed
[INFO] [stderr]   checking whether cc understands -c and -o together... yes
[INFO] [stderr]   checking whether make supports the include directive... yes (GNU style)
[INFO] [stderr]   checking dependency style of cc... gcc3
[INFO] [stderr]   checking whether the compiler supports GNU C++... yes
[INFO] [stderr]   checking whether c++ accepts -g... yes
[INFO] [stderr]   checking for c++ option to enable C++11 features... none needed
[INFO] [stderr]   checking dependency style of c++... gcc3
[INFO] [stderr]   checking build system type... x86_64-pc-linux-gnu
[INFO] [stderr]   checking host system type... x86_64-pc-linux-gnu
[INFO] [stderr]   checking how to print strings... printf
[INFO] [stderr]   checking for a sed that does not truncate output... /usr/bin/sed
[INFO] [stderr]   checking for grep that handles long lines and -e... /usr/bin/grep
[INFO] [stderr]   checking for egrep... /usr/bin/grep -E
[INFO] [stderr]   checking for fgrep... /usr/bin/grep -F
[INFO] [stderr]   checking for ld used by cc... /usr/bin/ld
[INFO] [stderr]   checking if the linker (/usr/bin/ld) is GNU ld... yes
[INFO] [stderr]   checking for BSD- or MS-compatible name lister (nm)... /usr/bin/nm -B
[INFO] [stderr]   checking the name lister (/usr/bin/nm -B) interface... BSD nm
[INFO] [stderr]   checking whether ln -s works... yes
[INFO] [stderr]   checking the maximum length of command line arguments... 1572864
[INFO] [stderr]   checking how to convert x86_64-pc-linux-gnu file names to x86_64-pc-linux-gnu format... func_convert_file_noop
[INFO] [stderr]   checking how to convert x86_64-pc-linux-gnu file names to toolchain format... func_convert_file_noop
[INFO] [stderr]   checking for /usr/bin/ld option to reload object files... -r
[INFO] [stderr]   checking for file... file
[INFO] [stderr]   checking for objdump... objdump
[INFO] [stderr]   checking how to recognize dependent libraries... pass_all
[INFO] [stderr]   checking for dlltool... no
[INFO] [stderr]   checking how to associate runtime and link libraries... printf %s\n
[INFO] [stderr]   checking for ar... ar
[INFO] [stderr]   checking for archiver @FILE support... @
[INFO] [stderr]   checking for strip... strip
[INFO] [stderr]   checking for ranlib... ranlib
[INFO] [stderr]   checking command to parse /usr/bin/nm -B output from cc object... ok
[INFO] [stderr]   checking for sysroot... no
[INFO] [stderr]   checking for a working dd... /usr/bin/dd
[INFO] [stderr]   checking how to truncate binary pipes... /usr/bin/dd bs=4096 count=1
[INFO] [stderr]   checking for mt... no
[INFO] [stderr]   checking if : is a manifest tool... no
[INFO] [stderr]   checking for stdio.h... yes
[INFO] [stderr]   checking for stdlib.h... yes
[INFO] [stderr]   checking for string.h... yes
[INFO] [stderr]   checking for inttypes.h... yes
[INFO] [stderr]   checking for stdint.h... yes
[INFO] [stderr]   checking for strings.h... yes
[INFO] [stderr]   checking for sys/stat.h... yes
[INFO] [stderr]   checking for sys/types.h... yes
[INFO] [stderr]   checking for unistd.h... yes
[INFO] [stderr]   checking for dlfcn.h... yes
[INFO] [stderr]   checking for objdir... .libs
[INFO] [stderr]   checking if cc supports -fno-rtti -fno-exceptions... no
[INFO] [stderr]   checking for cc option to produce PIC... -fPIC -DPIC
[INFO] [stderr]   checking if cc PIC flag -fPIC -DPIC works... yes
[INFO] [stderr]   checking if cc static flag -static works... yes
[INFO] [stderr]   checking if cc supports -c -o file.o... yes
[INFO] [stderr]   checking if cc supports -c -o file.o... (cached) yes
[INFO] [stderr]   checking whether the cc linker (/usr/bin/ld -m elf_x86_64) supports shared libraries... yes
[INFO] [stderr]   checking dynamic linker characteristics... GNU/Linux ld.so
[INFO] [stderr]   checking how to hardcode library paths into programs... immediate
[INFO] [stderr]   checking whether stripping libraries is possible... yes
[INFO] [stderr]   checking if libtool supports shared libraries... yes
[INFO] [stderr]   checking whether to build shared libraries... no
[INFO] [stderr]   checking whether to build static libraries... yes
[INFO] [stderr]   checking how to run the C++ preprocessor... c++ -E
[INFO] [stderr]   checking for ld used by c++... /usr/bin/ld -m elf_x86_64
[INFO] [stderr]   checking if the linker (/usr/bin/ld -m elf_x86_64) is GNU ld... yes
[INFO] [stderr]   checking whether the c++ linker (/usr/bin/ld -m elf_x86_64) supports shared libraries... yes
[INFO] [stderr]   checking for c++ option to produce PIC... -fPIC -DPIC
[INFO] [stderr]   checking if c++ PIC flag -fPIC -DPIC works... yes
[INFO] [stderr]   checking if c++ static flag -static works... yes
[INFO] [stderr]   checking if c++ supports -c -o file.o... yes
[INFO] [stderr]   checking if c++ supports -c -o file.o... (cached) yes
[INFO] [stderr]   checking whether the c++ linker (/usr/bin/ld -m elf_x86_64) supports shared libraries... yes
[INFO] [stderr]   checking dynamic linker characteristics... (cached) GNU/Linux ld.so
[INFO] [stderr]   checking how to hardcode library paths into programs... immediate
[INFO] [stderr]   checking for python... :
[INFO] [stderr]   checking for the pthreads library -lpthreads... no
[INFO] [stderr]   checking whether pthreads work without any flags... yes
[INFO] [stderr]   checking for joinable pthread attribute... PTHREAD_CREATE_JOINABLE
[INFO] [stderr]   checking if more special flags are required for pthreads... no
[INFO] [stderr]   checking whether to check for GCC pthread/shared inconsistencies... yes
[INFO] [stderr]   checking whether -pthread is sufficient with -shared... yes
[INFO] [stderr]   checking for gtest-config... no
[INFO] [stderr]   checking that generated files are newer than configure... done
[INFO] [stderr]   configure: creating ./config.status
[INFO] [stderr]   config.status: creating Makefile
[INFO] [stderr]   config.status: creating scripts/gmock-config
[INFO] [stderr]   config.status: creating build-aux/config.h
[INFO] [stderr]   config.status: executing depfiles commands
[INFO] [stderr]   config.status: executing libtool commands
[INFO] [stderr]   running: cd "/opt/rustwide/target/debug/build/protobuf-src-47282559aa1b805d/out/install/build" && MAKEFLAGS="-j --jobserver-fds=7,8 --jobserver-auth=7,8" "sh" "-c" "exec \"$0\" \"$@\"" "make" "install"
[INFO] [stderr]   Making install in .
[INFO] [stderr]   make[1]: Entering directory '/opt/rustwide/target/debug/build/protobuf-src-47282559aa1b805d/out/install/build'
[INFO] [stderr]   make[2]: Entering directory '/opt/rustwide/target/debug/build/protobuf-src-47282559aa1b805d/out/install/build'
[INFO] [stderr]   make[2]: Nothing to be done for 'install-exec-am'.
[INFO] [stderr]    /usr/bin/mkdir -p '/opt/rustwide/target/debug/build/protobuf-src-47282559aa1b805d/out/install/lib/pkgconfig'
[INFO] [stderr]    /usr/bin/install -c -m 644 protobuf.pc protobuf-lite.pc '/opt/rustwide/target/debug/build/protobuf-src-47282559aa1b805d/out/install/lib/pkgconfig'
[INFO] [stderr]   make[2]: Leaving directory '/opt/rustwide/target/debug/build/protobuf-src-47282559aa1b805d/out/install/build'
[INFO] [stderr]   make[1]: Leaving directory '/opt/rustwide/target/debug/build/protobuf-src-47282559aa1b805d/out/install/build'
[INFO] [stderr]   Making install in src
[INFO] [stderr]   make[1]: Entering directory '/opt/rustwide/target/debug/build/protobuf-src-47282559aa1b805d/out/install/build/src'
[INFO] [stderr]     CXX      google/protobuf/wrappers.pb.lo
[INFO] [stderr]     CXX      google/protobuf/wire_format.lo
[INFO] [stderr]     CXX      google/protobuf/compiler/code_generator.lo
[INFO] [stderr]     CXX      google/protobuf/compiler/command_line_interface.lo
[INFO] [stderr]     CXX      google/protobuf/compiler/plugin.lo
[INFO] [stderr]     CXX      google/protobuf/compiler/plugin.pb.lo
[INFO] [stderr]     CXX      google/protobuf/compiler/subprocess.lo
[INFO] [stderr]     CXX      google/protobuf/compiler/zip_writer.lo
[INFO] [stderr]     CXX      google/protobuf/compiler/main.o
[INFO] [stderr]     CXX      google/protobuf/any_lite.lo
[INFO] [stderr]     CXX      google/protobuf/arena.lo
[INFO] [stderr]     CXX      google/protobuf/arenastring.lo
[INFO] [stderr]     CXX      google/protobuf/extension_set.lo
[INFO] [stderr]     CXX      google/protobuf/generated_enum_util.lo
[INFO] [stderr]     CXX      google/protobuf/arenaz_sampler.lo
[INFO] [stderr]     CXX      google/protobuf/generated_message_tctable_lite.lo
[INFO] [stderr]     CXX      google/protobuf/generated_message_util.lo
[INFO] [stderr]   make[1]: Leaving directory '/opt/rustwide/target/debug/build/protobuf-src-47282559aa1b805d/out/install/build/src'
[INFO] [stderr] 
[INFO] [stderr]   --- stderr
[INFO] [stderr]   c++: fatal error: Killed signal terminated program cc1plus
[INFO] [stderr]   compilation terminated.
[INFO] [stderr]   make[1]: *** [Makefile:4514: google/protobuf/compiler/plugin.pb.lo] Error 1
[INFO] [stderr]   make[1]: *** Waiting for unfinished jobs....
[INFO] [stderr]   In file included from /opt/rustwide/cargo-home/registry/src/index.crates.io-6f17d22bba15001f/protobuf-src-1.1.0+21.5/protobuf/src/google/protobuf/generated_message_tctable_lite.cc:36:
[INFO] [stderr]   /opt/rustwide/cargo-home/registry/src/index.crates.io-6f17d22bba15001f/protobuf-src-1.1.0+21.5/protobuf/src/google/protobuf/generated_message_tctable_impl.h: In function 'void google::protobuf::internal::AlignFail(uintptr_t) [with long unsigned int align = 4]':
[INFO] [stderr]   /opt/rustwide/cargo-home/registry/src/index.crates.io-6f17d22bba15001f/protobuf-src-1.1.0+21.5/protobuf/src/google/protobuf/generated_message_tctable_impl.h:256:1: warning: 'noreturn' function does return
[INFO] [stderr]     256 | }
[INFO] [stderr]         | ^
[INFO] [stderr]   /opt/rustwide/cargo-home/registry/src/index.crates.io-6f17d22bba15001f/protobuf-src-1.1.0+21.5/protobuf/src/google/protobuf/generated_message_tctable_impl.h: In function 'void google::protobuf::internal::AlignFail(uintptr_t) [with long unsigned int align = 8]':
[INFO] [stderr]   /opt/rustwide/cargo-home/registry/src/index.crates.io-6f17d22bba15001f/protobuf-src-1.1.0+21.5/protobuf/src/google/protobuf/generated_message_tctable_impl.h:256:1: warning: 'noreturn' function does return
[INFO] [stderr]   make: *** [Makefile:1757: install-recursive] Error 1
[INFO] [stderr]   thread 'main' panicked at '
[INFO] [stderr]   command did not execute successfully, got: exit status: 2
[INFO] [stderr] 
[INFO] [stderr]   build script failed, must exit now', /opt/rustwide/cargo-home/registry/src/index.crates.io-6f17d22bba15001f/autotools-0.2.6/src/lib.rs:781:5
[INFO] [stderr]   stack backtrace:
[INFO] [stderr]      0:     0x561a07365511 - std::backtrace_rs::backtrace::libunwind::trace::h036e87df56fc4b9d
[INFO] [stderr]                                  at /rustc/9610dfe5a9a731ced1ea4923ecbd0c57fe367898/library/std/src/../../backtrace/src/backtrace/libunwind.rs:93:5
[INFO] [stderr]      1:     0x561a07365511 - std::backtrace_rs::backtrace::trace_unsynchronized::hd61eb2dbd6ae476a
[INFO] [stderr]                                  at /rustc/9610dfe5a9a731ced1ea4923ecbd0c57fe367898/library/std/src/../../backtrace/src/backtrace/mod.rs:66:5
[INFO] [stderr]      2:     0x561a07365511 - std::sys_common::backtrace::_print_fmt::h00c50d0875db23c9
[INFO] [stderr]                                  at /rustc/9610dfe5a9a731ced1ea4923ecbd0c57fe367898/library/std/src/sys_common/backtrace.rs:65:5
[INFO] [stderr]      3:     0x561a07365511 - <std::sys_common::backtrace::_print::DisplayBacktrace as core::fmt::Display>::fmt::h63195ab2dde77ccc
[INFO] [stderr]                                  at /rustc/9610dfe5a9a731ced1ea4923ecbd0c57fe367898/library/std/src/sys_common/backtrace.rs:44:22
[INFO] [stderr]      4:     0x561a073875af - core::fmt::rt::Argument::fmt::h83f4110348c688f4
[INFO] [stderr]                                  at /rustc/9610dfe5a9a731ced1ea4923ecbd0c57fe367898/library/core/src/fmt/rt.rs:138:9
[INFO] [stderr]      5:     0x561a073875af - core::fmt::write::h509367dd365f983a
[INFO] [stderr]                                  at /rustc/9610dfe5a9a731ced1ea4923ecbd0c57fe367898/library/core/src/fmt/mod.rs:1094:21
[INFO] [stderr]      6:     0x561a073628c1 - std::io::Write::write_fmt::h8e60bfebdaabfee5
[INFO] [stderr]                                  at /rustc/9610dfe5a9a731ced1ea4923ecbd0c57fe367898/library/std/src/io/mod.rs:1713:15
[INFO] [stderr]      7:     0x561a07365325 - std::sys_common::backtrace::_print::h96e550016098cde6
[INFO] [stderr]                                  at /rustc/9610dfe5a9a731ced1ea4923ecbd0c57fe367898/library/std/src/sys_common/backtrace.rs:47:5
[INFO] [stderr]      8:     0x561a07365325 - std::sys_common::backtrace::print::h7a049611b153a02e
[INFO] [stderr]                                  at /rustc/9610dfe5a9a731ced1ea4923ecbd0c57fe367898/library/std/src/sys_common/backtrace.rs:34:9
[INFO] [stderr]      9:     0x561a073669f7 - std::panicking::default_hook::{{closure}}::h1b023d46676794c4
[INFO] [stderr]     10:     0x561a073667e4 - std::panicking::default_hook::hea2961dabcf68e83
[INFO] [stderr]                                  at /rustc/9610dfe5a9a731ced1ea4923ecbd0c57fe367898/library/std/src/panicking.rs:288:9
[INFO] [stderr]     11:     0x561a07366eac - std::panicking::rust_panic_with_hook::h4285c91a8168b001
[INFO] [stderr]                                  at /rustc/9610dfe5a9a731ced1ea4923ecbd0c57fe367898/library/std/src/panicking.rs:705:13
[INFO] [stderr]     12:     0x561a07366da7 - std::panicking::begin_panic_handler::{{closure}}::h6ebd0d46f0c6b010
[INFO] [stderr]                                  at /rustc/9610dfe5a9a731ced1ea4923ecbd0c57fe367898/library/std/src/panicking.rs:597:13
[INFO] [stderr]     13:     0x561a07365946 - std::sys_common::backtrace::__rust_end_short_backtrace::h92042d128576b63a
[INFO] [stderr]                                  at /rustc/9610dfe5a9a731ced1ea4923ecbd0c57fe367898/library/std/src/sys_common/backtrace.rs:151:18
[INFO] [stderr]     14:     0x561a07366af2 - rust_begin_unwind
[INFO] [stderr]                                  at /rustc/9610dfe5a9a731ced1ea4923ecbd0c57fe367898/library/std/src/panicking.rs:593:5
[INFO] [stderr]     15:     0x561a072f2873 - core::panicking::panic_fmt::h65404fc8061ee73a
[INFO] [stderr]                                  at /rustc/9610dfe5a9a731ced1ea4923ecbd0c57fe367898/library/core/src/panicking.rs:67:14
[INFO] [stderr]     16:     0x561a072ff3e1 - autotools::fail::h84f4613a8ebfbc63
[INFO] [stderr]     17:     0x561a072fd6e5 - autotools::Config::build::h66ebd0279db7a3e6
[INFO] [stderr]     18:     0x561a072f99c8 - build_script_build::main::h5ea0d3c93c796bc2
[INFO] [stderr]     19:     0x561a072f5673 - core::ops::function::FnOnce::call_once::h6b54055cb4647887
[INFO] [stderr]     20:     0x561a072f9566 - std::sys_common::backtrace::__rust_begin_short_backtrace::h1ab08f2bde5bd71a
[INFO] [stderr]     21:     0x561a072f8a39 - std::rt::lang_start::{{closure}}::h872304fcb5ff44ee
[INFO] [stderr]     22:     0x561a0735e215 - core::ops::function::impls::<impl core::ops::function::FnOnce<A> for &F>::call_once::h49ef85a8a8d45198
[INFO] [stderr]                                  at /rustc/9610dfe5a9a731ced1ea4923ecbd0c57fe367898/library/core/src/ops/function.rs:284:13
[INFO] [stderr]     23:     0x561a0735e215 - std::panicking::try::do_call::ha1def14af693a135
[INFO] [stderr]                                  at /rustc/9610dfe5a9a731ced1ea4923ecbd0c57fe367898/library/std/src/panicking.rs:500:40
[INFO] [stderr]     24:     0x561a0735e215 - std::panicking::try::haa3dc2a1139932e2
[INFO] [stderr]                                  at /rustc/9610dfe5a9a731ced1ea4923ecbd0c57fe367898/library/std/src/panicking.rs:464:19
[INFO] [stderr]     25:     0x561a0735e215 - std::panic::catch_unwind::h9d9cbebaf9f15c67
[INFO] [stderr]                                  at /rustc/9610dfe5a9a731ced1ea4923ecbd0c57fe367898/library/std/src/panic.rs:142:14
[INFO] [stderr]     26:     0x561a0735e215 - std::rt::lang_start_internal::{{closure}}::hf660a772669a69cc
[INFO] [stderr]                                  at /rustc/9610dfe5a9a731ced1ea4923ecbd0c57fe367898/library/std/src/rt.rs:148:48
[INFO] [stderr]     27:     0x561a0735e215 - std::panicking::try::do_call::hb1c34715bb9b1c46
[INFO] [stderr]                                  at /rustc/9610dfe5a9a731ced1ea4923ecbd0c57fe367898/library/std/src/panicking.rs:500:40
[INFO] [stderr]     28:     0x561a0735e215 - std::panicking::try::h499866fd990da8f1
[INFO] [stderr]                                  at /rustc/9610dfe5a9a731ced1ea4923ecbd0c57fe367898/library/std/src/panicking.rs:464:19
[INFO] [stderr]     29:     0x561a0735e215 - std::panic::catch_unwind::hac1ffec55b72e7bc
[INFO] [stderr]                                  at /rustc/9610dfe5a9a731ced1ea4923ecbd0c57fe367898/library/std/src/panic.rs:142:14
[INFO] [stderr]     30:     0x561a0735e215 - std::rt::lang_start_internal::h0fecf91cd579e7b6
[INFO] [stderr]                                  at /rustc/9610dfe5a9a731ced1ea4923ecbd0c57fe367898/library/std/src/rt.rs:148:20
[INFO] [stderr]     31:     0x561a072f8a17 - std::rt::lang_start::h7b7aad8e8a9cf3c7
[INFO] [stderr]     32:     0x561a072f9e85 - main
[INFO] [stderr]     33:     0x7fe1aad9dd90 - <unknown>
[INFO] [stderr]     34:     0x7fe1aad9de40 - __libc_start_main
[INFO] [stderr]     35:     0x561a072f3005 - _start
[INFO] [stderr]     36:                0x0 - <unknown>
[INFO] running `Command { std: "docker" "inspect" "d9e503e93f057c2dba81e0a6ed10869aead2cec64840ef751c974b5012baa64d", kill_on_drop: false }`
[INFO] running `Command { std: "docker" "rm" "-f" "d9e503e93f057c2dba81e0a6ed10869aead2cec64840ef751c974b5012baa64d", kill_on_drop: false }`
[INFO] [stdout] d9e503e93f057c2dba81e0a6ed10869aead2cec64840ef751c974b5012baa64d
